{"id":3063,"date":"2025-09-08T13:24:31","date_gmt":"2025-09-08T11:24:31","guid":{"rendered":"https:\/\/mrlandon.com\/tenaya\/?page_id=3063"},"modified":"2026-02-10T18:38:32","modified_gmt":"2026-02-10T17:38:32","slug":"envios","status":"publish","type":"page","link":"https:\/\/mrlandon.com\/tenaya\/envios\/","title":{"rendered":"Env\u00edos y entregas"},"content":{"rendered":"\t\t<div data-elementor-type=\"wp-page\" data-elementor-id=\"3063\" class=\"elementor elementor-3063\" data-elementor-post-type=\"page\">\n\t\t\t\t<div class=\"elementor-element elementor-element-6d01f44 e-flex e-con-boxed e-con e-parent\" data-id=\"6d01f44\" data-element_type=\"container\" data-e-type=\"container\">\n\t\t\t\t\t<div class=\"e-con-inner\">\n\t\t\t\t<div class=\"elementor-element elementor-element-6dff3a0 elementor-widget elementor-widget-text-editor\" data-id=\"6dff3a0\" data-element_type=\"widget\" data-e-type=\"widget\" data-widget_type=\"text-editor.default\">\n\t\t\t\t\t\t\t\t\t<ul><li><p>Los plazos de entrega en Espa\u00f1a y Francia oscilan entre 2 y 4 d\u00edas laborables.<\/p><\/li><li><p>Los Plazos para el resto del mundo oscilan entre 5 y 7 d\u00edas laborables.<\/p><\/li><li><p>Ten en cuenta que si el pedido lo realizas el viernes por la tarde, este no comenzar\u00e1 a procesarse hasta el lunes por la ma\u00f1ana.<\/p><\/li><li><p>Una vez procesado el pedido te enviaremos un mensaje de confirmaci\u00f3n de env\u00edo por correo electr\u00f3nico con el n\u00famero de seguimiento.<\/p><\/li><li><p>Nuestro servicio de mensajer\u00eda UPS no hace entregas domingo ni festivos.<\/p><\/li><\/ul>\t\t\t\t\t\t\t\t<\/div>\n\t\t\t\t<div class=\"elementor-element elementor-element-9098ae4 elementor-widget elementor-widget-heading\" data-id=\"9098ae4\" data-element_type=\"widget\" data-e-type=\"widget\" data-widget_type=\"heading.default\">\n\t\t\t\t\t<h2 class=\"elementor-heading-title elementor-size-default\">Gastos de env\u00edo<\/h2>\t\t\t\t<\/div>\n\t\t\t\t<div class=\"elementor-element elementor-element-4da6b3a elementor-widget elementor-widget-text-editor\" data-id=\"4da6b3a\" data-element_type=\"widget\" data-e-type=\"widget\" data-widget_type=\"text-editor.default\">\n\t\t\t\t\t\t\t\t\t<ul><li>Actualmente tenemos un servicio de entrega gratuito para pedidos en Espa\u00f1a y Baleares. Los pedidos a Islas Canarias, Ceuta y Melilla tendr\u00e1n un coste de 20\u20ac por gastos de env\u00edo si la compra es inferior a 200\u20ac.<\/li><li>En caso de devoluci\u00f3n del pedido se descontar\u00e1n del importe del producto devuelto.<\/li><li>Los productos enviados fuera de la Uni\u00f3n Europea pueden estar sujetos a derechos de importaci\u00f3n o impuesto aplicables en tu pa\u00eds. Estos costes correr\u00e1n por cuenta del cliente y se sumar\u00e1n a los reflejados en tu factura. Contacta con tu oficina de aduanas local para obtener m\u00e1s informaci\u00f3n.<\/li><\/ul>\t\t\t\t\t\t\t\t<\/div>\n\t\t\t\t\t<\/div>\n\t\t\t\t<\/div>\n\t\t\t\t<\/div>\n\t\t","protected":false},"excerpt":{"rendered":"<p>Los plazos de entrega en Espa\u00f1a y Francia oscilan entre 2 y 4 d\u00edas laborables. Los Plazos para el resto del mundo oscilan entre 5 y 7 d\u00edas laborables. Ten en cuenta que si el pedido lo realizas el viernes por la tarde, este no comenzar\u00e1 a procesarse hasta el lunes por la ma\u00f1ana. Una [&hellip;]<\/p>\n","protected":false},"author":1,"featured_media":0,"parent":0,"menu_order":0,"comment_status":"closed","ping_status":"closed","template":"","meta":{"footnotes":""},"class_list":["post-3063","page","type-page","status-publish","hentry"],"_links":{"self":[{"href":"https:\/\/mrlandon.com\/tenaya\/wp-json\/wp\/v2\/pages\/3063","targetHints":{"allow":["GET"]}}],"collection":[{"href":"https:\/\/mrlandon.com\/tenaya\/wp-json\/wp\/v2\/pages"}],"about":[{"href":"https:\/\/mrlandon.com\/tenaya\/wp-json\/wp\/v2\/types\/page"}],"author":[{"embeddable":true,"href":"https:\/\/mrlandon.com\/tenaya\/wp-json\/wp\/v2\/users\/1"}],"replies":[{"embeddable":true,"href":"https:\/\/mrlandon.com\/tenaya\/wp-json\/wp\/v2\/comments?post=3063"}],"version-history":[{"count":0,"href":"https:\/\/mrlandon.com\/tenaya\/wp-json\/wp\/v2\/pages\/3063\/revisions"}],"wp:attachment":[{"href":"https:\/\/mrlandon.com\/tenaya\/wp-json\/wp\/v2\/media?parent=3063"}],"curies":[{"name":"wp","href":"https:\/\/api.w.org\/{rel}","templated":true}]}}