{"id":3081,"date":"2025-09-08T13:28:28","date_gmt":"2025-09-08T11:28:28","guid":{"rendered":"https:\/\/mrlandon.com\/tenaya\/?page_id=3081"},"modified":"2026-02-10T18:49:36","modified_gmt":"2026-02-10T17:49:36","slug":"seguimiento-de-pedido","status":"publish","type":"page","link":"https:\/\/mrlandon.com\/tenaya\/seguimiento-de-pedido\/","title":{"rendered":"Seguimiento de pedido"},"content":{"rendered":"\t\t<div data-elementor-type=\"wp-page\" data-elementor-id=\"3081\" class=\"elementor elementor-3081\" data-elementor-post-type=\"page\">\n\t\t\t\t<div class=\"elementor-element elementor-element-a1d132e e-flex e-con-boxed e-con e-parent\" data-id=\"a1d132e\" data-element_type=\"container\" data-e-type=\"container\">\n\t\t\t\t\t<div class=\"e-con-inner\">\n\t\t\t\t<div class=\"elementor-element elementor-element-cc98e1c elementor-widget elementor-widget-text-editor\" data-id=\"cc98e1c\" data-element_type=\"widget\" data-e-type=\"widget\" data-widget_type=\"text-editor.default\">\n\t\t\t\t\t\t\t\t\t<p>Nada m\u00e1s enviemos tu pedido, recibir\u00e1s un correo electr\u00f3nico de confirmaci\u00f3n con un enlace de seguimiento de la compa\u00f1\u00eda de transporte UPS para que puedas seguirlo en todo momento. Tambi\u00e9n podr\u00e1s saber sobre el estado de tu pedido a trav\u00e9s de tu cuenta de usuario dentro del apartado \u00abMis pedidos\u00bb.<\/p>\t\t\t\t\t\t\t\t<\/div>\n\t\t<div class=\"elementor-element elementor-element-75a8ce4 e-con-full e-flex e-con e-child\" data-id=\"75a8ce4\" data-element_type=\"container\" data-e-type=\"container\">\n\t\t\t\t<div class=\"elementor-element elementor-element-626cf89 elementor-widget elementor-widget-text-editor\" data-id=\"626cf89\" data-element_type=\"widget\" data-e-type=\"widget\" data-widget_type=\"text-editor.default\">\n\t\t\t\t\t\t\t\t\t<p class=\"fs-pt-11 mb-4\">Inicia sesi\u00f3n en tu cuenta para conocer el estado de tu pedido<\/p>\t\t\t\t\t\t\t\t<\/div>\n\t\t\t\t<div class=\"elementor-element elementor-element-d597ef8 elementor-widget elementor-widget-button\" data-id=\"d597ef8\" data-element_type=\"widget\" data-e-type=\"widget\" data-widget_type=\"button.default\">\n\t\t\t\t\t\t\t\t\t\t<a class=\"elementor-button elementor-button-link elementor-size-sm\" href=\"https:\/\/mrlandon.com\/tenaya\/mi-cuenta\/\">\n\t\t\t\t\t\t<span class=\"elementor-button-content-wrapper\">\n\t\t\t\t\t\t\t\t\t<span class=\"elementor-button-text\">Iniciar sesi\u00f3n<\/span>\n\t\t\t\t\t<\/span>\n\t\t\t\t\t<\/a>\n\t\t\t\t\t\t\t\t<\/div>\n\t\t\t\t<div class=\"elementor-element elementor-element-f7c5228 elementor-widget elementor-widget-text-editor\" data-id=\"f7c5228\" data-element_type=\"widget\" data-e-type=\"widget\" data-widget_type=\"text-editor.default\">\n\t\t\t\t\t\t\t\t\t<p class=\"fs-pt-11 mb-4\">\u00bfTodavia no tienes cuenta Tenaya?<\/p>\t\t\t\t\t\t\t\t<\/div>\n\t\t\t\t<div class=\"elementor-element elementor-element-75aa40a elementor-widget elementor-widget-button\" data-id=\"75aa40a\" data-element_type=\"widget\" data-e-type=\"widget\" data-widget_type=\"button.default\">\n\t\t\t\t\t\t\t\t\t\t<a class=\"elementor-button elementor-button-link elementor-size-sm\" href=\"https:\/\/mrlandon.com\/tenaya\/mi-cuenta\/\">\n\t\t\t\t\t\t<span class=\"elementor-button-content-wrapper\">\n\t\t\t\t\t\t\t\t\t<span class=\"elementor-button-text\">Crear cuenta<\/span>\n\t\t\t\t\t<\/span>\n\t\t\t\t\t<\/a>\n\t\t\t\t\t\t\t\t<\/div>\n\t\t\t\t<\/div>\n\t\t\t\t\t<\/div>\n\t\t\t\t<\/div>\n\t\t\t\t<\/div>\n\t\t","protected":false},"excerpt":{"rendered":"<p>Nada m\u00e1s enviemos tu pedido, recibir\u00e1s un correo electr\u00f3nico de confirmaci\u00f3n con un enlace de seguimiento de la compa\u00f1\u00eda de transporte UPS para que puedas seguirlo en todo momento. Tambi\u00e9n podr\u00e1s saber sobre el estado de tu pedido a trav\u00e9s de tu cuenta de usuario dentro del apartado \u00abMis pedidos\u00bb. Inicia sesi\u00f3n en tu cuenta [&hellip;]<\/p>\n","protected":false},"author":1,"featured_media":0,"parent":0,"menu_order":0,"comment_status":"closed","ping_status":"closed","template":"","meta":{"footnotes":""},"class_list":["post-3081","page","type-page","status-publish","hentry"],"_links":{"self":[{"href":"https:\/\/mrlandon.com\/tenaya\/wp-json\/wp\/v2\/pages\/3081","targetHints":{"allow":["GET"]}}],"collection":[{"href":"https:\/\/mrlandon.com\/tenaya\/wp-json\/wp\/v2\/pages"}],"about":[{"href":"https:\/\/mrlandon.com\/tenaya\/wp-json\/wp\/v2\/types\/page"}],"author":[{"embeddable":true,"href":"https:\/\/mrlandon.com\/tenaya\/wp-json\/wp\/v2\/users\/1"}],"replies":[{"embeddable":true,"href":"https:\/\/mrlandon.com\/tenaya\/wp-json\/wp\/v2\/comments?post=3081"}],"version-history":[{"count":0,"href":"https:\/\/mrlandon.com\/tenaya\/wp-json\/wp\/v2\/pages\/3081\/revisions"}],"wp:attachment":[{"href":"https:\/\/mrlandon.com\/tenaya\/wp-json\/wp\/v2\/media?parent=3081"}],"curies":[{"name":"wp","href":"https:\/\/api.w.org\/{rel}","templated":true}]}}