{"id":3100,"date":"2025-09-08T15:11:35","date_gmt":"2025-09-08T13:11:35","guid":{"rendered":"https:\/\/mrlandon.com\/tenaya\/?page_id=3100"},"modified":"2026-02-06T13:46:40","modified_gmt":"2026-02-06T12:46:40","slug":"recomendacion-de-uso","status":"publish","type":"page","link":"https:\/\/mrlandon.com\/tenaya\/recomendacion-de-uso\/","title":{"rendered":"Recomendaci\u00f3n de uso"},"content":{"rendered":"\t\t<div data-elementor-type=\"wp-page\" data-elementor-id=\"3100\" class=\"elementor elementor-3100\" data-elementor-post-type=\"page\">\n\t\t\t\t<div class=\"elementor-element elementor-element-521f232 e-flex e-con-boxed e-con e-parent\" data-id=\"521f232\" data-element_type=\"container\" data-e-type=\"container\">\n\t\t\t\t\t<div class=\"e-con-inner\">\n\t\t\t\t<div class=\"elementor-element elementor-element-54c4c0b elementor-widget elementor-widget-heading\" data-id=\"54c4c0b\" data-element_type=\"widget\" data-e-type=\"widget\" data-widget_type=\"heading.default\">\n\t\t\t\t\t<h1 class=\"elementor-heading-title elementor-size-default\">Recomendaci\u00f3n de uso<\/h1>\t\t\t\t<\/div>\n\t\t\t\t<div class=\"elementor-element elementor-element-eafa291 elementor-widget elementor-widget-text-editor\" data-id=\"eafa291\" data-element_type=\"widget\" data-e-type=\"widget\" data-widget_type=\"text-editor.default\">\n\t\t\t\t\t\t\t\t\t<p>Para obtener el m\u00e1ximo rendimiento, presta atenci\u00f3n a los siguientes consejos de uso.<\/p>\t\t\t\t\t\t\t\t<\/div>\n\t\t\t\t<div class=\"elementor-element elementor-element-84f0b75 e-n-tabs-none elementor-widget elementor-widget-n-tabs\" data-id=\"84f0b75\" data-element_type=\"widget\" data-e-type=\"widget\" data-settings=\"{&quot;horizontal_scroll_mobile&quot;:&quot;disable&quot;,&quot;horizontal_scroll&quot;:&quot;disable&quot;}\" data-widget_type=\"nested-tabs.default\">\n\t\t\t\t\t\t\t<div class=\"e-n-tabs\" data-widget-number=\"139398005\" aria-label=\"Pesta\u00f1as. Abre elementos con Intro o Espacio, ci\u00e9rralos con Escape y navega con las fechas.\">\n\t\t\t<div class=\"e-n-tabs-heading\" role=\"tablist\">\n\t\t\t\t\t<button id=\"climbing\" data-tab-title-id=\"e-n-tab-title-1393980051\" class=\"e-n-tab-title\" aria-selected=\"true\" data-tab-index=\"1\" role=\"tab\" tabindex=\"0\" aria-controls=\"e-n-tab-content-1393980051\" style=\"--n-tabs-title-order: 1;\">\n\t\t\t\t\t\t<span class=\"e-n-tab-title-text\">\n\t\t\t\tPie de gato\t\t\t<\/span>\n\t\t<\/button>\n\t\t\t\t<button id=\"approach-lifestyle\" data-tab-title-id=\"e-n-tab-title-1393980052\" class=\"e-n-tab-title\" aria-selected=\"false\" data-tab-index=\"2\" role=\"tab\" tabindex=\"-1\" aria-controls=\"e-n-tab-content-1393980052\" style=\"--n-tabs-title-order: 2;\">\n\t\t\t\t\t\t<span class=\"e-n-tab-title-text\">\n\t\t\t\tApproach &amp; Life Style\t\t\t<\/span>\n\t\t<\/button>\n\t\t\t\t\t<\/div>\n\t\t\t<div class=\"e-n-tabs-content\">\n\t\t\t\t<div id=\"e-n-tab-content-1393980051\" role=\"tabpanel\" aria-labelledby=\"climbing\" data-tab-index=\"1\" style=\"--n-tabs-title-order: 1;\" class=\"e-active elementor-element elementor-element-8569748 e-con-full e-flex e-con e-child\" data-id=\"8569748\" data-element_type=\"container\" data-e-type=\"container\">\n\t\t\t\t<div class=\"elementor-element elementor-element-d15b6fb elementor-widget elementor-widget-text-editor\" data-id=\"d15b6fb\" data-element_type=\"widget\" data-e-type=\"widget\" data-widget_type=\"text-editor.default\">\n\t\t\t\t\t\t\t\t\t<ul><li>Nunca utilices tus Tenaya para caminar o si no estas escalando.<\/li><li>No lo calces como si fuera una chancla.<\/li><li>Nunca lavarlo en la lavadora ni utilices ning\u00fan tipo de jab\u00f3n o producto qu\u00edmico para su limpieza.<\/li><li>No dejar al sol ni los expongas a ninguna fuente de calor como calefaciones, chimeneas, secadoras, etc., muy importante no dejar dentro del coche si est\u00e1 expuesto al sol, en su interior pueden alcanzarse altas temperaturas que podr\u00edan da\u00f1ar el zapato produciendo el despegue de algunas de las partes del mismo y da\u00f1os irreparables. Es debido a que puede producirse una reactivaci\u00f3n de las colas que intervienen el los procesos de pegado, esto puede suceder incluso estando el zapato en el maletero.<\/li><li>Para mantener todas las propiedades de adherencia y un \u00f3ptimo rendimiento del zapato debes de mantener la suela limpia de polvo, tierra, magnesio, etc., pero nunca limpies la suela con ning\u00fan producto qu\u00edmico.<\/li><li>Para evitar deformaciones guardar siempre en la parte superior de la mochila evitando las presiones sobre el zapato.<\/li><li>Procurar llevarlo en la mochila dentro de una bolsa independiente que lo proteja de estar en contacto con otros productos que puedan da\u00f1arlo.<\/li><li>Si tienes m\u00e1s de un par de pies de gato, alterna en lo posible el uso de los mismos, alargar\u00e1s as\u00ed la vida del zapato.<\/li><li>Si te ves obligado a resolar ten en cuenta que el zapato perder\u00e1 parte de sus prestaciones iniciales.<\/li><li>No aprietes en exceso la cordonera, el ajuste del zapato y la combinaci\u00f3n y disposici\u00f3n de los materiales hace que no sea necesario para escalar con fuerza y precisi\u00f3n.<\/li><li>Para escalar con la mayor fuerza, precisi\u00f3n y sin dolor en el pie, es importante que prestes la m\u00e1xima atenci\u00f3n a la elecci\u00f3n de tu talla. Si te hace da\u00f1o es que no has elegido la talla correcta. Puedes seguir las recomendaciones en el apartado \u00abElige bien tu talla\u00bb que encontrar\u00e1s junto a cada modelo.<\/li><li>Procura no cambiar los pies de gato con otros escaladores.<\/li><li>Guardar siempre tus Tenaya en un lugar fr\u00edo y alejado de la humedad.<\/li><\/ul>\t\t\t\t\t\t\t\t<\/div>\n\t\t\t\t<\/div>\n\t\t<div id=\"e-n-tab-content-1393980052\" role=\"tabpanel\" aria-labelledby=\"approach-lifestyle\" data-tab-index=\"2\" style=\"--n-tabs-title-order: 2;\" class=\" elementor-element elementor-element-6e4aa4d e-con-full e-flex e-con e-child\" data-id=\"6e4aa4d\" data-element_type=\"container\" data-e-type=\"container\">\n\t\t\t\t<div class=\"elementor-element elementor-element-4ad913e elementor-widget elementor-widget-text-editor\" data-id=\"4ad913e\" data-element_type=\"widget\" data-e-type=\"widget\" data-widget_type=\"text-editor.default\">\n\t\t\t\t\t\t\t\t\t<ul><li><p>Nunca lavar en la lavadora ni utilices ning\u00fan tipo de jab\u00f3n o producto qu\u00edmico para su limpieza.<\/p><\/li><li><p>No utilizar ning\u00fan tipo de grasa, las pieles utilizadas en la fabricaci\u00f3n de la bota est\u00e1n sometidas a un proceso de hidrofugaci\u00f3n para mejorar su impermeabilidad sin que pierda sus propiedades de transpiraci\u00f3n, al utilizar grasas se obstruyen los poros de la piel impidiendo la transpiraci\u00f3n de la misma. Estas grasas, adem\u00e1s, suelen contener aditivos qu\u00edmicos que deterioran la piel.<\/p><\/li><li><p>No secar al sol ni los expongas a ninguna fuente de calor como calefaciones, chimeneas, secadoras, etc. Tampoco dejar dentro del coche si est\u00e1 expuesto al sol, en su interior pueden alcanzarse altas temperaturas que podr\u00edan da\u00f1ar partes de la bota, produciendo el despegue de algunas de las partes de la misma y da\u00f1os irreparables. Esto es debido a que puede producirse una reactivaci\u00f3n de las colas que intervienen el los procesos de pegado o de los materiales utilizados en los refuerzos de punta y tal\u00f3n.<\/p><\/li><li><p>Para secar la bota es preferible sacar su plantilla interior, \u00e9sta no absorbe la humedad, pero pueden quedarse part\u00edculas de humedad adheridas a la base de la misma.<\/p><\/li><li><p>Si la bota esta provista de membrana, nunca caminar con objetos en su interior como piedras o peque\u00f1as ramas. Por peque\u00f1os que estos sean pueden da\u00f1ar la membrana afectando a la impermeabilidad de la bota.<\/p><\/li><li><p>No dejar sobre objetos pesados que puedan producir deformaciones, especialmente en las protecciones de punta y tal\u00f3n de la bota ya que pueden ser irreparables.<\/p><\/li><li><p>Guardar siempre tus approach y life-style Tenaya en un lugar fr\u00edo y alejado de la humedad.<\/p><\/li><\/ul>\t\t\t\t\t\t\t\t<\/div>\n\t\t\t\t<\/div>\n\t\t\t\t\t<\/div>\n\t\t<\/div>\n\t\t\t\t\t\t<\/div>\n\t\t\t\t\t<\/div>\n\t\t\t\t<\/div>\n\t\t\t\t<\/div>\n\t\t","protected":false},"excerpt":{"rendered":"<p>Para obtener el m\u00e1ximo rendimiento, presta atenci\u00f3n a los siguientes consejos de uso. Pie de gato Approach &amp; Life Style Nunca utilices tus Tenaya para caminar o si no estas escalando. No lo calces como si fuera una chancla. Nunca lavarlo en la lavadora ni utilices ning\u00fan tipo de jab\u00f3n o producto qu\u00edmico para su [&hellip;]<\/p>\n","protected":false},"author":1,"featured_media":0,"parent":0,"menu_order":0,"comment_status":"closed","ping_status":"closed","template":"","meta":{"footnotes":""},"class_list":["post-3100","page","type-page","status-publish","hentry"],"_links":{"self":[{"href":"https:\/\/mrlandon.com\/tenaya\/wp-json\/wp\/v2\/pages\/3100","targetHints":{"allow":["GET"]}}],"collection":[{"href":"https:\/\/mrlandon.com\/tenaya\/wp-json\/wp\/v2\/pages"}],"about":[{"href":"https:\/\/mrlandon.com\/tenaya\/wp-json\/wp\/v2\/types\/page"}],"author":[{"embeddable":true,"href":"https:\/\/mrlandon.com\/tenaya\/wp-json\/wp\/v2\/users\/1"}],"replies":[{"embeddable":true,"href":"https:\/\/mrlandon.com\/tenaya\/wp-json\/wp\/v2\/comments?post=3100"}],"version-history":[{"count":0,"href":"https:\/\/mrlandon.com\/tenaya\/wp-json\/wp\/v2\/pages\/3100\/revisions"}],"wp:attachment":[{"href":"https:\/\/mrlandon.com\/tenaya\/wp-json\/wp\/v2\/media?parent=3100"}],"curies":[{"name":"wp","href":"https:\/\/api.w.org\/{rel}","templated":true}]}}