{"id":3406,"date":"2025-09-10T15:17:53","date_gmt":"2025-09-10T13:17:53","guid":{"rendered":"https:\/\/mrlandon.com\/tenaya\/?page_id=3406"},"modified":"2026-02-11T18:33:08","modified_gmt":"2026-02-11T17:33:08","slug":"sostenibilidad","status":"publish","type":"page","link":"https:\/\/mrlandon.com\/tenaya\/sostenibilidad\/","title":{"rendered":"Sostenibilidad"},"content":{"rendered":"\t\t<div data-elementor-type=\"wp-page\" data-elementor-id=\"3406\" class=\"elementor elementor-3406\" data-elementor-post-type=\"page\">\n\t\t\t\t<div class=\"elementor-element elementor-element-5f66eaa e-flex e-con-boxed e-con e-parent\" data-id=\"5f66eaa\" data-element_type=\"container\" data-e-type=\"container\">\n\t\t\t\t\t<div class=\"e-con-inner\">\n\t\t\t\t<div class=\"elementor-element elementor-element-6bc2ff56 elementor-widget elementor-widget-shortcode\" data-id=\"6bc2ff56\" data-element_type=\"widget\" data-e-type=\"widget\" data-widget_type=\"shortcode.default\">\n\t\t\t\t\t\t\t<div class=\"elementor-shortcode\"><nav aria-label=\"breadcrumbs\" class=\"rank-math-breadcrumb\"><p><span class=\"last\">Inicio<\/span><\/p><\/nav><\/div>\n\t\t\t\t\t\t<\/div>\n\t\t\t\t\t<\/div>\n\t\t\t\t<\/div>\n\t\t<div class=\"elementor-element elementor-element-b32c63b e-con-full e-flex e-con e-child\" data-id=\"b32c63b\" data-element_type=\"container\" data-e-type=\"container\" data-settings=\"{&quot;background_background&quot;:&quot;classic&quot;}\">\n\t\t\t\t<div class=\"elementor-element elementor-element-6226337 elementor-widget elementor-widget-heading\" data-id=\"6226337\" data-element_type=\"widget\" data-e-type=\"widget\" data-widget_type=\"heading.default\">\n\t\t\t\t\t<h1 class=\"elementor-heading-title elementor-size-default\">Sostenibilidad<\/h1>\t\t\t\t<\/div>\n\t\t\t\t<div class=\"elementor-element elementor-element-70fdc88 elementor-widget__width-initial elementor-widget elementor-widget-text-editor\" data-id=\"70fdc88\" data-element_type=\"widget\" data-e-type=\"widget\" data-widget_type=\"text-editor.default\">\n\t\t\t\t\t\t\t\t\t<p>Compartimos la misma pasi\u00f3n y el mismo terreno de juego con deportistas de todo el mundo.<\/p>\t\t\t\t\t\t\t\t<\/div>\n\t\t\t\t<div class=\"elementor-element elementor-element-6e70565 elementor-widget__width-initial elementor-widget elementor-widget-text-editor\" data-id=\"6e70565\" data-element_type=\"widget\" data-e-type=\"widget\" data-widget_type=\"text-editor.default\">\n\t\t\t\t\t\t\t\t\t<p>Las monta\u00f1as, el mar y los grandes espacios abiertos son la principal raz\u00f3n del nacimiento de Tenaya.<\/p>\t\t\t\t\t\t\t\t<\/div>\n\t\t\t\t<\/div>\n\t\t<div class=\"elementor-element elementor-element-bbb47dc e-flex e-con-boxed e-con e-parent\" data-id=\"bbb47dc\" data-element_type=\"container\" data-e-type=\"container\">\n\t\t\t\t\t<div class=\"e-con-inner\">\n\t\t\t\t<div class=\"elementor-element elementor-element-149cfa4 elementor-widget__width-initial elementor-widget elementor-widget-heading\" data-id=\"149cfa4\" data-element_type=\"widget\" data-e-type=\"widget\" data-widget_type=\"heading.default\">\n\t\t\t\t\t<h2 class=\"elementor-heading-title elementor-size-default\">Inspirar desde nuestra comunidad al compromiso por la preservaci\u00f3n del planeta es una tarea en la que todos podemos y necesitamos participar.<\/h2>\t\t\t\t<\/div>\n\t\t\t\t\t<\/div>\n\t\t\t\t<\/div>\n\t\t<div class=\"elementor-element elementor-element-47632b5 e-con-full e-flex e-con e-child\" data-id=\"47632b5\" data-element_type=\"container\" data-e-type=\"container\" data-settings=\"{&quot;background_background&quot;:&quot;classic&quot;}\">\n\t\t\t\t<div class=\"elementor-element elementor-element-a8c0422 elementor-widget elementor-widget-heading\" data-id=\"a8c0422\" data-element_type=\"widget\" data-e-type=\"widget\" data-widget_type=\"heading.default\">\n\t\t\t\t\t<h2 class=\"elementor-heading-title elementor-size-default\">Nuestro enfoque<\/h2>\t\t\t\t<\/div>\n\t\t\t\t<div class=\"elementor-element elementor-element-ae5044d elementor-widget__width-initial elementor-widget elementor-widget-text-editor\" data-id=\"ae5044d\" data-element_type=\"widget\" data-e-type=\"widget\" data-widget_type=\"text-editor.default\">\n\t\t\t\t\t\t\t\t\t<p>La sostenibilidad para nosotros est\u00e1 en paralelo con la misi\u00f3n de la empresa, hacer que nuestros deportistas mejoren su rendimiento.<\/p>\t\t\t\t\t\t\t\t<\/div>\n\t\t\t\t<\/div>\n\t\t<div class=\"elementor-element elementor-element-f0cd1f7 e-flex e-con-boxed e-con e-parent\" data-id=\"f0cd1f7\" data-element_type=\"container\" data-e-type=\"container\">\n\t\t\t\t\t<div class=\"e-con-inner\">\n\t\t\t\t<div class=\"elementor-element elementor-element-676117d elementor-widget__width-initial elementor-widget elementor-widget-text-editor\" data-id=\"676117d\" data-element_type=\"widget\" data-e-type=\"widget\" data-widget_type=\"text-editor.default\">\n\t\t\t\t\t\t\t\t\t<p>El problema ambiental nos exige un mayor compromiso con nosotros mismos en el convencimiento que la mayor parte del camino est\u00e1 por recorrer.<\/p>\t\t\t\t\t\t\t\t<\/div>\n\t\t\t\t<div class=\"elementor-element elementor-element-da4627c elementor-widget__width-initial elementor-widget elementor-widget-text-editor\" data-id=\"da4627c\" data-element_type=\"widget\" data-e-type=\"widget\" data-widget_type=\"text-editor.default\">\n\t\t\t\t\t\t\t\t\t<p>Necesitamos construir objetivos, necesitamos reducir nuestro impacto ambiental, y comprometernos con un progreso sostenible que nos acerque cada vez mas a una econom\u00eda circular.<\/p>\t\t\t\t\t\t\t\t<\/div>\n\t\t\t\t<div class=\"elementor-element elementor-element-08cd628 elementor-widget-divider--view-line elementor-widget elementor-widget-divider\" data-id=\"08cd628\" data-element_type=\"widget\" data-e-type=\"widget\" data-widget_type=\"divider.default\">\n\t\t\t\t\t\t\t<div class=\"elementor-divider\">\n\t\t\t<span class=\"elementor-divider-separator\">\n\t\t\t\t\t\t<\/span>\n\t\t<\/div>\n\t\t\t\t\t\t<\/div>\n\t\t\t\t\t<\/div>\n\t\t\t\t<\/div>\n\t\t<div class=\"elementor-element elementor-element-e473b05 e-flex e-con-boxed e-con e-parent\" data-id=\"e473b05\" data-element_type=\"container\" data-e-type=\"container\">\n\t\t\t\t\t<div class=\"e-con-inner\">\n\t\t\t\t<div class=\"elementor-element elementor-element-4af55e1 elementor-widget__width-inherit elementor-widget elementor-widget-heading\" data-id=\"4af55e1\" data-element_type=\"widget\" data-e-type=\"widget\" data-widget_type=\"heading.default\">\n\t\t\t\t\t<h2 class=\"elementor-heading-title elementor-size-default\">Una parte de nuestras lineas de actuaci\u00f3n.\n\n<\/h2>\t\t\t\t<\/div>\n\t\t<div class=\"elementor-element elementor-element-a09f1f5 e-con-full e-flex e-con e-child\" data-id=\"a09f1f5\" data-element_type=\"container\" data-e-type=\"container\" data-settings=\"{&quot;background_background&quot;:&quot;classic&quot;}\">\n\t\t\t\t<div class=\"elementor-element elementor-element-caab20f elementor-widget__width-inherit elementor-widget elementor-widget-heading\" data-id=\"caab20f\" data-element_type=\"widget\" data-e-type=\"widget\" data-widget_type=\"heading.default\">\n\t\t\t\t\t<h3 class=\"elementor-heading-title elementor-size-default\">La b\u00fasqueda de sistema de producci\u00f3n m\u00e1s eficiente y sostenible.\n\n<\/h3>\t\t\t\t<\/div>\n\t\t\t\t<div class=\"elementor-element elementor-element-4661a9c elementor-widget elementor-widget-text-editor\" data-id=\"4661a9c\" data-element_type=\"widget\" data-e-type=\"widget\" data-widget_type=\"text-editor.default\">\n\t\t\t\t\t\t\t\t\t<p>Desde hace mas de 20 a\u00f1os mantenemos todas nuestras lineas de producci\u00f3n en Espa\u00f1a y priorizamos la proximidad para proveedores y empleados de la compa\u00f1\u00eda. Todos los sobrantes de producci\u00f3n entra en un proceso de econom\u00eda circular para volver a ser reutilizados.<\/p>\t\t\t\t\t\t\t\t<\/div>\n\t\t\t\t<\/div>\n\t\t<div class=\"elementor-element elementor-element-d5fa1a0 e-con-full e-flex e-con e-child\" data-id=\"d5fa1a0\" data-element_type=\"container\" data-e-type=\"container\" data-settings=\"{&quot;background_background&quot;:&quot;classic&quot;}\">\n\t\t\t\t<div class=\"elementor-element elementor-element-02a240e elementor-widget__width-inherit elementor-widget elementor-widget-heading\" data-id=\"02a240e\" data-element_type=\"widget\" data-e-type=\"widget\" data-widget_type=\"heading.default\">\n\t\t\t\t\t<h3 class=\"elementor-heading-title elementor-size-default\">El desarrollo de dise\u00f1os de productos cada vez m\u00e1s duraderos.\n\n<\/h3>\t\t\t\t<\/div>\n\t\t\t\t<div class=\"elementor-element elementor-element-f430544 elementor-widget elementor-widget-text-editor\" data-id=\"f430544\" data-element_type=\"widget\" data-e-type=\"widget\" data-widget_type=\"text-editor.default\">\n\t\t\t\t\t\t\t\t\t<p>Ayudar a mejorar el rendimiento de nuestros deportistas con productos que tengan una mayor durabilidad, esta es la mejor forma de intentar reducir nuestro impacto ambiental.<\/p>\t\t\t\t\t\t\t\t<\/div>\n\t\t\t\t<\/div>\n\t\t<div class=\"elementor-element elementor-element-a06d92d e-con-full e-flex e-con e-child\" data-id=\"a06d92d\" data-element_type=\"container\" data-e-type=\"container\" data-settings=\"{&quot;background_background&quot;:&quot;classic&quot;}\">\n\t\t\t\t<div class=\"elementor-element elementor-element-4b9b73a elementor-widget__width-inherit elementor-widget elementor-widget-heading\" data-id=\"4b9b73a\" data-element_type=\"widget\" data-e-type=\"widget\" data-widget_type=\"heading.default\">\n\t\t\t\t\t<h3 class=\"elementor-heading-title elementor-size-default\">Priorizar la utilizaci\u00f3n de materiales reciclables y renovables.\n\n<\/h3>\t\t\t\t<\/div>\n\t\t\t\t<div class=\"elementor-element elementor-element-b2f592b elementor-widget elementor-widget-text-editor\" data-id=\"b2f592b\" data-element_type=\"widget\" data-e-type=\"widget\" data-widget_type=\"text-editor.default\">\n\t\t\t\t\t\t\t\t\t<p>Practicar un abastecimiento de suministros responsable. Dar una segunda vida a los materiales es una forma de proteger la naturaleza, reducir nuestro impacto sobre ella y acercarnos a una econom\u00eda circular.<\/p>\t\t\t\t\t\t\t\t<\/div>\n\t\t\t\t<\/div>\n\t\t\t\t<div class=\"elementor-element elementor-element-b92ea96 elementor-widget__width-inherit elementor-widget elementor-widget-heading\" data-id=\"b92ea96\" data-element_type=\"widget\" data-e-type=\"widget\" data-widget_type=\"heading.default\">\n\t\t\t\t\t<h2 class=\"elementor-heading-title elementor-size-default\">Compromiso de todos.<\/h2>\t\t\t\t<\/div>\n\t\t\t\t<div class=\"elementor-element elementor-element-2a47e7c elementor-widget__width-initial elementor-widget elementor-widget-text-editor\" data-id=\"2a47e7c\" data-element_type=\"widget\" data-e-type=\"widget\" data-widget_type=\"text-editor.default\">\n\t\t\t\t\t\t\t\t\t<p>Sabemos que la sostenibilidad requiere pensar a largo plazo, pero necesitamos tambi\u00e9n actuar con urgencia. Las empresas tenemos un papel importante que desempe\u00f1ar, necesitamos reordenar nuestra forma de fabricar. En Tenaya estamos utilizando desde hace tiempo materiales con menor impacto, esto es solo una parte del compromiso para reducir nuestra huella ambiental.<\/p>\t\t\t\t\t\t\t\t<\/div>\n\t\t\t\t\t<\/div>\n\t\t\t\t<\/div>\n\t\t<div class=\"elementor-element elementor-element-84577e4 e-flex e-con-boxed e-con e-parent\" data-id=\"84577e4\" data-element_type=\"container\" data-e-type=\"container\">\n\t\t\t\t\t<div class=\"e-con-inner\">\n\t\t<div class=\"elementor-element elementor-element-15407b5 e-con-full e-flex e-con e-child\" data-id=\"15407b5\" data-element_type=\"container\" data-e-type=\"container\" data-settings=\"{&quot;background_background&quot;:&quot;classic&quot;}\">\n\t\t<div class=\"elementor-element elementor-element-b3326d8 e-con-full e-flex e-con e-child\" data-id=\"b3326d8\" data-element_type=\"container\" data-e-type=\"container\" data-settings=\"{&quot;background_background&quot;:&quot;classic&quot;}\">\n\t\t\t\t<div class=\"elementor-element elementor-element-0687142 elementor-widget elementor-widget-image\" data-id=\"0687142\" data-element_type=\"widget\" data-e-type=\"widget\" data-widget_type=\"image.default\">\n\t\t\t\t\t\t\t\t\t\t\t\t\t\t\t<img fetchpriority=\"high\" decoding=\"async\" width=\"738\" height=\"648\" src=\"https:\/\/mrlandon.com\/tenaya\/wp-content\/uploads\/2025\/09\/tenaya-sostenibilidad_goma-reciclada.webp\" class=\"attachment-large size-large wp-image-3411\" alt=\"\" srcset=\"https:\/\/mrlandon.com\/tenaya\/wp-content\/uploads\/2025\/09\/tenaya-sostenibilidad_goma-reciclada.webp 738w, https:\/\/mrlandon.com\/tenaya\/wp-content\/uploads\/2025\/09\/tenaya-sostenibilidad_goma-reciclada-600x527.webp 600w, https:\/\/mrlandon.com\/tenaya\/wp-content\/uploads\/2025\/09\/tenaya-sostenibilidad_goma-reciclada-300x263.webp 300w\" sizes=\"(max-width: 738px) 100vw, 738px\" \/>\t\t\t\t\t\t\t\t\t\t\t\t\t\t\t<\/div>\n\t\t<div class=\"elementor-element elementor-element-bebbed0 e-con-full e-flex e-con e-child\" data-id=\"bebbed0\" data-element_type=\"container\" data-e-type=\"container\">\n\t\t\t\t<div class=\"elementor-element elementor-element-879a2b9 elementor-widget__width-inherit elementor-widget elementor-widget-heading\" data-id=\"879a2b9\" data-element_type=\"widget\" data-e-type=\"widget\" data-widget_type=\"heading.default\">\n\t\t\t\t\t<h3 class=\"elementor-heading-title elementor-size-default\">Goma reciclada\n<\/h3>\t\t\t\t<\/div>\n\t\t\t\t<div class=\"elementor-element elementor-element-38c65c1 elementor-widget elementor-widget-text-editor\" data-id=\"38c65c1\" data-element_type=\"widget\" data-e-type=\"widget\" data-widget_type=\"text-editor.default\">\n\t\t\t\t\t\t\t\t\t<p>Desde el a\u00f1o 2002 toda la l\u00ednea de zapatos Step up de Tenaya est\u00e1 fabricada en su totalidad con goma reciclada.<\/p>\t\t\t\t\t\t\t\t<\/div>\n\t\t\t\t<div class=\"elementor-element elementor-element-69b431f elementor-widget elementor-widget-text-editor\" data-id=\"69b431f\" data-element_type=\"widget\" data-e-type=\"widget\" data-widget_type=\"text-editor.default\">\n\t\t\t\t\t\t\t\t\t<p>Proveedor goma reciclada con certificado Grs<\/p>\t\t\t\t\t\t\t\t<\/div>\n\t\t\t\t<\/div>\n\t\t\t\t<\/div>\n\t\t<div class=\"elementor-element elementor-element-f60fa89 e-con-full e-flex e-con e-child\" data-id=\"f60fa89\" data-element_type=\"container\" data-e-type=\"container\" data-settings=\"{&quot;background_background&quot;:&quot;classic&quot;}\">\n\t\t\t\t<div class=\"elementor-element elementor-element-c14722c elementor-widget elementor-widget-image\" data-id=\"c14722c\" data-element_type=\"widget\" data-e-type=\"widget\" data-widget_type=\"image.default\">\n\t\t\t\t\t\t\t\t\t\t\t\t\t\t\t<img decoding=\"async\" width=\"738\" height=\"648\" src=\"https:\/\/mrlandon.com\/tenaya\/wp-content\/uploads\/2025\/09\/tenaya-sostenibilidad_algodon-organico.webp\" class=\"attachment-large size-large wp-image-3413\" alt=\"\" srcset=\"https:\/\/mrlandon.com\/tenaya\/wp-content\/uploads\/2025\/09\/tenaya-sostenibilidad_algodon-organico.webp 738w, https:\/\/mrlandon.com\/tenaya\/wp-content\/uploads\/2025\/09\/tenaya-sostenibilidad_algodon-organico-600x527.webp 600w, https:\/\/mrlandon.com\/tenaya\/wp-content\/uploads\/2025\/09\/tenaya-sostenibilidad_algodon-organico-300x263.webp 300w\" sizes=\"(max-width: 738px) 100vw, 738px\" \/>\t\t\t\t\t\t\t\t\t\t\t\t\t\t\t<\/div>\n\t\t<div class=\"elementor-element elementor-element-f3188b8 e-con-full e-flex e-con e-child\" data-id=\"f3188b8\" data-element_type=\"container\" data-e-type=\"container\">\n\t\t\t\t<div class=\"elementor-element elementor-element-4074ce9 elementor-widget elementor-widget-text-editor\" data-id=\"4074ce9\" data-element_type=\"widget\" data-e-type=\"widget\" data-widget_type=\"text-editor.default\">\n\t\t\t\t\t\t\t\t\t<p>Desde 2016 utilizamos en nuestra colecci\u00f3n de ropa exclusivamente algod\u00f3n org\u00e1nico, todo el proceso de producci\u00f3n es controlado y certificado en su totalidad de acuerdo con la \u00faltima versi\u00f3n de GOTS.<\/p>\t\t\t\t\t\t\t\t<\/div>\n\t\t\t\t<div class=\"elementor-element elementor-element-9b3d502 elementor-widget elementor-widget-text-editor\" data-id=\"9b3d502\" data-element_type=\"widget\" data-e-type=\"widget\" data-widget_type=\"text-editor.default\">\n\t\t\t\t\t\t\t\t\t<p>Los productos etiquetados est\u00e1n bajo la certificaci\u00f3n Global Recycle Standard (GRS) y la Organic Content Standard (OCS) de la Control Union Certifications. N\u00famero de licencia CU828402.<\/p>\t\t\t\t\t\t\t\t<\/div>\n\t\t\t\t<\/div>\n\t\t\t\t<\/div>\n\t\t<div class=\"elementor-element elementor-element-4e5128c e-con-full e-flex e-con e-child\" data-id=\"4e5128c\" data-element_type=\"container\" data-e-type=\"container\" data-settings=\"{&quot;background_background&quot;:&quot;classic&quot;}\">\n\t\t\t\t<div class=\"elementor-element elementor-element-b4eec69 elementor-widget elementor-widget-image\" data-id=\"b4eec69\" data-element_type=\"widget\" data-e-type=\"widget\" data-widget_type=\"image.default\">\n\t\t\t\t\t\t\t\t\t\t\t\t\t\t\t<img decoding=\"async\" width=\"738\" height=\"648\" src=\"https:\/\/mrlandon.com\/tenaya\/wp-content\/uploads\/2025\/09\/tenaya-sostenibilidad_poliester-reciclado.webp\" class=\"attachment-large size-large wp-image-3412\" alt=\"\" srcset=\"https:\/\/mrlandon.com\/tenaya\/wp-content\/uploads\/2025\/09\/tenaya-sostenibilidad_poliester-reciclado.webp 738w, https:\/\/mrlandon.com\/tenaya\/wp-content\/uploads\/2025\/09\/tenaya-sostenibilidad_poliester-reciclado-600x527.webp 600w, https:\/\/mrlandon.com\/tenaya\/wp-content\/uploads\/2025\/09\/tenaya-sostenibilidad_poliester-reciclado-300x263.webp 300w\" sizes=\"(max-width: 738px) 100vw, 738px\" \/>\t\t\t\t\t\t\t\t\t\t\t\t\t\t\t<\/div>\n\t\t<div class=\"elementor-element elementor-element-156f8dc e-con-full e-flex e-con e-child\" data-id=\"156f8dc\" data-element_type=\"container\" data-e-type=\"container\">\n\t\t\t\t<div class=\"elementor-element elementor-element-b199fc9 elementor-widget__width-inherit elementor-widget elementor-widget-heading\" data-id=\"b199fc9\" data-element_type=\"widget\" data-e-type=\"widget\" data-widget_type=\"heading.default\">\n\t\t\t\t\t<h3 class=\"elementor-heading-title elementor-size-default\">Poliester reciclado 2017\n\n<\/h3>\t\t\t\t<\/div>\n\t\t\t\t<div class=\"elementor-element elementor-element-1bc7ba3 elementor-widget elementor-widget-text-editor\" data-id=\"1bc7ba3\" data-element_type=\"widget\" data-e-type=\"widget\" data-widget_type=\"text-editor.default\">\n\t\t\t\t\t\t\t\t\t<p>A\u00f1adimos a nuestra colecci\u00f3n de ropa prendas en poliester reciclado.<\/p>\t\t\t\t\t\t\t\t<\/div>\n\t\t\t\t<div class=\"elementor-element elementor-element-1d2c296 elementor-widget elementor-widget-text-editor\" data-id=\"1d2c296\" data-element_type=\"widget\" data-e-type=\"widget\" data-widget_type=\"text-editor.default\">\n\t\t\t\t\t\t\t\t\t<p>Los productos etiquetados est\u00e1n bajo la certificaci\u00f3n Global Recycle Standard (GRS) y la Organic Content Standard (OCS) de la Control Union Certifications. N\u00famero de licencia CU828402.<\/p>\t\t\t\t\t\t\t\t<\/div>\n\t\t\t\t<\/div>\n\t\t\t\t<\/div>\n\t\t<div class=\"elementor-element elementor-element-3cb1194 e-con-full e-flex e-con e-child\" data-id=\"3cb1194\" data-element_type=\"container\" data-e-type=\"container\" data-settings=\"{&quot;background_background&quot;:&quot;classic&quot;}\">\n\t\t\t\t<div class=\"elementor-element elementor-element-af717c2 elementor-widget elementor-widget-image\" data-id=\"af717c2\" data-element_type=\"widget\" data-e-type=\"widget\" data-widget_type=\"image.default\">\n\t\t\t\t\t\t\t\t\t\t\t\t\t\t\t<img loading=\"lazy\" decoding=\"async\" width=\"738\" height=\"530\" src=\"https:\/\/mrlandon.com\/tenaya\/wp-content\/uploads\/2025\/09\/tenaya-sostenibilidad_pet.webp\" class=\"attachment-large size-large wp-image-3410\" alt=\"\" srcset=\"https:\/\/mrlandon.com\/tenaya\/wp-content\/uploads\/2025\/09\/tenaya-sostenibilidad_pet.webp 738w, https:\/\/mrlandon.com\/tenaya\/wp-content\/uploads\/2025\/09\/tenaya-sostenibilidad_pet-600x431.webp 600w, https:\/\/mrlandon.com\/tenaya\/wp-content\/uploads\/2025\/09\/tenaya-sostenibilidad_pet-300x215.webp 300w\" sizes=\"(max-width: 738px) 100vw, 738px\" \/>\t\t\t\t\t\t\t\t\t\t\t\t\t\t\t<\/div>\n\t\t<div class=\"elementor-element elementor-element-ae01eff e-con-full e-flex e-con e-child\" data-id=\"ae01eff\" data-element_type=\"container\" data-e-type=\"container\">\n\t\t\t\t<div class=\"elementor-element elementor-element-38d3ad5 elementor-widget__width-inherit elementor-widget elementor-widget-heading\" data-id=\"38d3ad5\" data-element_type=\"widget\" data-e-type=\"widget\" data-widget_type=\"heading.default\">\n\t\t\t\t\t<h3 class=\"elementor-heading-title elementor-size-default\">PET 2018\n\n<\/h3>\t\t\t\t<\/div>\n\t\t\t\t<div class=\"elementor-element elementor-element-2dacdb7 elementor-widget elementor-widget-text-editor\" data-id=\"2dacdb7\" data-element_type=\"widget\" data-e-type=\"widget\" data-widget_type=\"text-editor.default\">\n\t\t\t\t\t\t\t\t\t<p>Iniciamos la fabricaci\u00f3n de parte de nuestra linea de calzado Life style en PET reciclado.<\/p>\t\t\t\t\t\t\t\t<\/div>\n\t\t\t\t<div class=\"elementor-element elementor-element-21f3026 elementor-widget elementor-widget-text-editor\" data-id=\"21f3026\" data-element_type=\"widget\" data-e-type=\"widget\" data-widget_type=\"text-editor.default\">\n\t\t\t\t\t\t\t\t\t<p>Mediante el uso de El PET reciclado, se consigue reutilizar materiales de desecho, dando una segunda vida a las botellas de pl\u00e1stico, adem\u00e1s se evita la extracci\u00f3n de petr\u00f3leo y en su fabricaci\u00f3n y se reducen hasta en un 75% las emisiones de CO2 en comparaci\u00f3n con el uso de poli\u00e9ster virgen.<\/p>\t\t\t\t\t\t\t\t<\/div>\n\t\t\t\t<\/div>\n\t\t\t\t<\/div>\n\t\t\t\t<\/div>\n\t\t\t\t\t<\/div>\n\t\t\t\t<\/div>\n\t\t\t\t<\/div>\n\t\t","protected":false},"excerpt":{"rendered":"<p>Sostenibilidad Compartimos la misma pasi\u00f3n y el mismo terreno de juego con deportistas de todo el mundo. Las monta\u00f1as, el mar y los grandes espacios abiertos son la principal raz\u00f3n del nacimiento de Tenaya. Inspirar desde nuestra comunidad al compromiso por la preservaci\u00f3n del planeta es una tarea en la que todos podemos y necesitamos [&hellip;]<\/p>\n","protected":false},"author":1,"featured_media":0,"parent":0,"menu_order":0,"comment_status":"closed","ping_status":"closed","template":"","meta":{"footnotes":""},"class_list":["post-3406","page","type-page","status-publish","hentry"],"_links":{"self":[{"href":"https:\/\/mrlandon.com\/tenaya\/wp-json\/wp\/v2\/pages\/3406","targetHints":{"allow":["GET"]}}],"collection":[{"href":"https:\/\/mrlandon.com\/tenaya\/wp-json\/wp\/v2\/pages"}],"about":[{"href":"https:\/\/mrlandon.com\/tenaya\/wp-json\/wp\/v2\/types\/page"}],"author":[{"embeddable":true,"href":"https:\/\/mrlandon.com\/tenaya\/wp-json\/wp\/v2\/users\/1"}],"replies":[{"embeddable":true,"href":"https:\/\/mrlandon.com\/tenaya\/wp-json\/wp\/v2\/comments?post=3406"}],"version-history":[{"count":1,"href":"https:\/\/mrlandon.com\/tenaya\/wp-json\/wp\/v2\/pages\/3406\/revisions"}],"predecessor-version":[{"id":9919,"href":"https:\/\/mrlandon.com\/tenaya\/wp-json\/wp\/v2\/pages\/3406\/revisions\/9919"}],"wp:attachment":[{"href":"https:\/\/mrlandon.com\/tenaya\/wp-json\/wp\/v2\/media?parent=3406"}],"curies":[{"name":"wp","href":"https:\/\/api.w.org\/{rel}","templated":true}]}}