{"id":4576,"date":"2025-09-24T10:51:04","date_gmt":"2025-09-24T08:51:04","guid":{"rendered":"https:\/\/mrlandon.com\/tenaya\/?post_type=product&#038;p=4576"},"modified":"2026-02-17T18:59:27","modified_gmt":"2026-02-17T17:59:27","slug":"oasi","status":"publish","type":"product","link":"https:\/\/mrlandon.com\/tenaya\/item\/oasi\/","title":{"rendered":"Oasi"},"content":{"rendered":"<p>Cuando nos propusimos el proyecto Oasi hab\u00eda un objetivo por encima de todo: Quer\u00edamos que contara con todas las ventajas que un pie de gato de l\u00edneas curvas puede desarrollar sobre desplomes, sin que esto le hiciera perder ni un \u00e1pice de rendimiento en paredes verticales, incluso en los apoyos de fricci\u00f3n y adherencia. Esto nos ha exigido redise\u00f1ar parte de nuestro proceso productivo y desarrollar una serie de nuevas tecnolog\u00edas.<\/p>\n<p>El resultado es un curvo con el mayor rango de respuesta y con unos niveles de confort no conocidos antes en un pie de gato de altas prestaciones.<\/p>\n<p><img decoding=\"async\" class=\"size-full wp-image-6058 aligncenter\" src=\"https:\/\/mrlandon.com\/tenaya\/wp-content\/uploads\/2025\/09\/tenaya-premio-escalada2014.png\" alt=\"\" width=\"132\" height=\"132\" srcset=\"https:\/\/mrlandon.com\/tenaya\/wp-content\/uploads\/2025\/09\/tenaya-premio-escalada2014.png 132w, https:\/\/mrlandon.com\/tenaya\/wp-content\/uploads\/2025\/09\/tenaya-premio-escalada2014-100x100.png 100w\" sizes=\"(max-width: 132px) 100vw, 132px\" \/><\/p>\n","protected":false},"excerpt":{"rendered":"<p class=\"d-none d-md-block fs-pt-13 lh-sm\">Mayor rango de respuesta<\/p>\n","protected":false},"featured_media":4566,"template":"","meta":[],"product_brand":[],"product_cat":[83,84],"product_tag":[],"class_list":{"0":"post-4576","1":"product","2":"type-product","3":"status-publish","4":"has-post-thumbnail","6":"product_cat-pies-de-gato","7":"product_cat-aerial-plus","9":"first","10":"instock","11":"taxable","12":"shipping-taxable","13":"product-type-variable"},"_links":{"self":[{"href":"https:\/\/mrlandon.com\/tenaya\/wp-json\/wp\/v2\/product\/4576","targetHints":{"allow":["GET"]}}],"collection":[{"href":"https:\/\/mrlandon.com\/tenaya\/wp-json\/wp\/v2\/product"}],"about":[{"href":"https:\/\/mrlandon.com\/tenaya\/wp-json\/wp\/v2\/types\/product"}],"version-history":[{"count":2,"href":"https:\/\/mrlandon.com\/tenaya\/wp-json\/wp\/v2\/product\/4576\/revisions"}],"predecessor-version":[{"id":10684,"href":"https:\/\/mrlandon.com\/tenaya\/wp-json\/wp\/v2\/product\/4576\/revisions\/10684"}],"wp:featuredmedia":[{"embeddable":true,"href":"https:\/\/mrlandon.com\/tenaya\/wp-json\/wp\/v2\/media\/4566"}],"wp:attachment":[{"href":"https:\/\/mrlandon.com\/tenaya\/wp-json\/wp\/v2\/media?parent=4576"}],"wp:term":[{"taxonomy":"product_brand","embeddable":true,"href":"https:\/\/mrlandon.com\/tenaya\/wp-json\/wp\/v2\/product_brand?post=4576"},{"taxonomy":"product_cat","embeddable":true,"href":"https:\/\/mrlandon.com\/tenaya\/wp-json\/wp\/v2\/product_cat?post=4576"},{"taxonomy":"product_tag","embeddable":true,"href":"https:\/\/mrlandon.com\/tenaya\/wp-json\/wp\/v2\/product_tag?post=4576"}],"curies":[{"name":"wp","href":"https:\/\/api.w.org\/{rel}","templated":true}]}}