{"id":4747,"date":"2025-09-25T12:03:55","date_gmt":"2025-09-25T10:03:55","guid":{"rendered":"https:\/\/mrlandon.com\/tenaya\/?post_type=product&#038;p=4747"},"modified":"2026-02-17T17:28:22","modified_gmt":"2026-02-17T16:28:22","slug":"mojacar-pink","status":"publish","type":"product","link":"https:\/\/mrlandon.com\/tenaya\/item\/mojacar-pink\/","title":{"rendered":"Mojacar pink"},"content":{"rendered":"<p>Zapato dise\u00f1ado para aproximaci\u00f3n, marcha por monta\u00f1a y tiempo libre. Incorpora la tecnolog\u00eda XC Stability que proporciona m\u00e1s estabilidad dentro de un comportamiento flexible y din\u00e1mico, capaz de ceder all\u00ed donde el pie lo necesita.<\/p>\n<p>La parte superior de Mojacar est\u00e1 fabricada \u00edntegramente de piel serraje. Cuenta tambi\u00e9n con un fuelle tubular altamente transpirable que te proporciona un ajuste preciso y un calce c\u00f3modo y r\u00e1pido, que permite incluso usar el zapato sin necesidad de ajustar su cierre de cordonera.<\/p>\n<p>Su piso Vibram de caucho con climbing zone en la punta y una entresuela de PU para la absorci\u00f3n del impacto, posee una gran adherencia y facilita una tracci\u00f3n \u00f3ptima y una poderosa capacidad de retenci\u00f3n en pendientes.<\/p>\n<p>En su dise\u00f1o prima por encima de todo la comodidad y el descanso del pie. Perfecto para utilizar despu\u00e9s de una intensa jornada de escalada, para monta\u00f1a, viajes o tiempo libre.<\/p>\n","protected":false},"excerpt":{"rendered":"<p>Zapatilla para aproximaci\u00f3n y marcha por monta\u00f1a, ligera, ajuste preciso y excelente amortiguaci\u00f3n.<\/p>\n","protected":false},"featured_media":4741,"template":"","meta":[],"product_brand":[],"product_cat":[106,105],"product_tag":[113],"class_list":{"0":"post-4747","1":"product","2":"type-product","3":"status-publish","4":"has-post-thumbnail","6":"product_cat-approach","7":"product_cat-outdoor","8":"product_tag-mojacar","10":"first","11":"instock","12":"taxable","13":"shipping-taxable","14":"product-type-variable"},"_links":{"self":[{"href":"https:\/\/mrlandon.com\/tenaya\/wp-json\/wp\/v2\/product\/4747","targetHints":{"allow":["GET"]}}],"collection":[{"href":"https:\/\/mrlandon.com\/tenaya\/wp-json\/wp\/v2\/product"}],"about":[{"href":"https:\/\/mrlandon.com\/tenaya\/wp-json\/wp\/v2\/types\/product"}],"version-history":[{"count":3,"href":"https:\/\/mrlandon.com\/tenaya\/wp-json\/wp\/v2\/product\/4747\/revisions"}],"predecessor-version":[{"id":9981,"href":"https:\/\/mrlandon.com\/tenaya\/wp-json\/wp\/v2\/product\/4747\/revisions\/9981"}],"wp:featuredmedia":[{"embeddable":true,"href":"https:\/\/mrlandon.com\/tenaya\/wp-json\/wp\/v2\/media\/4741"}],"wp:attachment":[{"href":"https:\/\/mrlandon.com\/tenaya\/wp-json\/wp\/v2\/media?parent=4747"}],"wp:term":[{"taxonomy":"product_brand","embeddable":true,"href":"https:\/\/mrlandon.com\/tenaya\/wp-json\/wp\/v2\/product_brand?post=4747"},{"taxonomy":"product_cat","embeddable":true,"href":"https:\/\/mrlandon.com\/tenaya\/wp-json\/wp\/v2\/product_cat?post=4747"},{"taxonomy":"product_tag","embeddable":true,"href":"https:\/\/mrlandon.com\/tenaya\/wp-json\/wp\/v2\/product_tag?post=4747"}],"curies":[{"name":"wp","href":"https:\/\/api.w.org\/{rel}","templated":true}]}}